g**2 - g + 2. Let q be l(-2). Let f = -2 - q. Let o be (-1 - -51)*(-16)/f. What is the highest common divisor of 10 and o?
10
Suppose -3*t + 92 = 2*b, 5*t - 4*b - 92 = 98. What is the highest common divisor of 119 and t?
17
Suppose 0 = 3*z - 26 - 10. Suppose 4*d + 44 - 292 = 5*w, -3*w + 3*d = 150. Let p be (w/(-18))/((-4)/(-18)). What is the highest common factor of z and p?
12
Suppose -2*p = -6*p. Suppose o - 46 + 10 = p. Calculate the highest common factor of 18 and o.
18
Let w(t) = -t**2 - 80. Let l be w(0). Let k = l - -16. Let p be k/((-1)/(-1))*-1. Calculate the highest common factor of 8 and p.
8
Suppose -58 = 2*r - 4*r + 2*d, -4*d = -2*r + 64. Suppose -3*v = 8 - r. Let g(c) = c - 2. Let p be g(8). Calculate the highest common divisor of v and p.
6
Suppose 9*z - 4*z - 90 = 0. Suppose -4*w = -3*w - 2. Suppose -f = -u + 31, -w*f = -7*f - 20. What is the highest common divisor of u and z?
9
Let n = 7 - 12. Let j be ((-16)/20 + -2)*n. What is the highest common factor of j and 7?
7
Suppose -2*l + 90 = 5*s, -4*l - 14 = 3*s - 68. Calculate the highest common divisor of s and 27.
9
Let q(h) be the first derivative of -5/4*h**4 - 1/2*h**2 - h - 1/3*h**3 - 3. Let i be q(-1). What is the highest common divisor of i and 44?
4
Let j = -122 + 173. Let i = 72 - 105. Let z = j + i. What is the highest common divisor of z and 54?
18
Suppose 3*w + 21 = 5*t - 14, 2*w - 2 = -3*t. Suppose -44 = -t*o + 112. What is the highest common factor of o and 26?
13
Suppose 5*b + 10 = -10. Let v(a) = 3*a + 1. Let p be v(-1). Let c be 2/b + (-21)/p. Calculate the greatest common factor of c and 4.
2
Let m be (-4*(2 - 9))/1. Suppose 0 = 5*z - 15 - 15. Suppose -2*o = 3*d - 10, 2*o + z = d - 0. Calculate the highest common factor of m and d.
4
Suppose r = -4*r + 25. Let z = 6 - 2. Suppose -2 = -z*s + 2. What is the highest common factor of r and s?
1
Let k(r) = r**3 + 10*r**2 + 12*r + 3. Let y be k(-8). Let i = -10 + y. Let p(z) = z - 1. Let q be p(6). What is the greatest common factor of i and q?
5
Suppose 0 = d - 67 - 21. Suppose 0 = 4*m - 6*m + 12. Let z = 5 + m. What is the highest common factor of d and z?
11
Let l(z) = -25*z + 1. Let j(t) = -t**3 + 3*t**2 + t + 1. Let k be j(3). Suppose -n = -k*n - 3. Let r be l(n). What is the greatest common divisor of r and 65?
13
Suppose 0*o - 160 = -2*o. What is the highest common divisor of 32 and o?
16
Let b(a) = -53*a**2. Suppose 6*p + 3 = 3*p. Let n be b(p). Let m = -38 - n. What is the highest common divisor of 3 and m?
3
Let a(w) = -w - 2. Let p be a(0). Let c = -5 - p. Let m(k) = 2*k**2 + k. Let x be m(c). Calculate the greatest common factor of x and 15.
15
Suppose 5*s = 2*s + 168. What is the highest common factor of s and 7?
7
Let p = 31 + 9. What is the highest common factor of 8 and p?
8
Let d = 49 + -27. What is the greatest common divisor of 176 and d?
22
Suppose o - 7 - 3 = 0. Let f be 5/(-2)*(-16)/o. Calculate the highest common divisor of 36 and f.
4
Let a = -290 + 461. What is the highest common divisor of a and 19?
19
Suppose -q + 3*q - 2 = 0. What is the greatest common divisor of q and 11?
1
Suppose -c = 2*g + 3*c - 10, -3*g - 5*c = -20. Let q = 15 - 11. Let i be (-6)/q*4/(-1). What is the greatest common factor of g and i?
3
Let d(h) = -h**2 - 4*h + 4. Let f be d(8). Let w = f - -191. Calculate the highest common factor of 9 and w.
9
Suppose -208 = -4*w - 40. Suppose 5*f + w = 8*f. What is the greatest common divisor of 126 and f?
14
Let u = 271 + -66. Let t = u + -125. Calculate the highest common divisor of t and 10.
10
Suppose -123 + 31 = -5*c - z, -5*c + 86 = -2*z. What is the greatest common factor of c and 6?
6
Suppose 4*d + 81 = 7*d. Calculate the greatest common factor of 135 and d.
27
Let b be 20/8 - (-1)/2. Suppose -4*t + t - 19 = -2*y, -4*y - b*t = -29. Calculate the greatest common divisor of y and 56.
8
Suppose 0 = -0*u - 9*u + 486. What is the highest common factor of u and 36?
18
Suppose 0*s = -2*s + 6. Suppose -35 = -q + 4*d, s*d + 181 = 4*q + 67. Let k(c) = c + 10. Let n be k(-7). What is the highest common factor of q and n?
3
Suppose 5*g - 2*h + 12 = -0*h, 3*g = -h - 16. Let l be (4/(-3))/(g/30). Let c = 31 + 9. What is the greatest common factor of l and c?
10
Let s = 15 - 9. What is the greatest common factor of 48 and s?
6
Suppose 471 - 69 = 2*w - 2*z, -4*z + 780 = 4*w. What is the greatest common factor of 18 and w?
18
Let y(i) = i**3 - 8*i**2 + 30. Let s be y(9). What is the highest common factor of s and 37?
37
Let u = -34 + 58. Let b = 5 - 4. Suppose -2*o = -25 + b. Calculate the highest common factor of o and u.
12
Suppose -5*i + 704 = -151. Calculate the highest common divisor of i and 19.
19
Suppose -5*z + 260 = -z. Let s(i) = i**3 + 3*i**2 - 3*i + 4. Let f be s(-3). What is the highest common divisor of f and z?
13
Let s = 10 + 35. Let r(a) = -a**2 - 4*a + 2. Let n be r(-3). What is the highest common factor of n and s?
5
Let o = 59 - 49. What is the greatest common divisor of o and 10?
10
Suppose 0 = -2*u + 6, 1043 = 3*q + 4*u + 122. Let k = 316 - 189. Let d = q - k. What is the highest common divisor of d and 16?
16
Let f(o) = 3*o**2 + 4*o + 1. Let q be f(-5). Suppose 3 = 2*s - 5*s. Let y = 6 - s. What is the greatest common factor of q and y?
7
Let d = 64 + -54. Calculate the highest common factor of d and 110.
10
Let x = 146 - -8. Suppose 5*t - 27 = -f, 5*f - 107 = t + 2*t. Calculate the greatest common divisor of x and f.
22
Let h(m) = -m**3 + 3*m**2 - 2. Let a be h(-4). Let c be ((-40)/(-2) - -1) + 1. Calculate the greatest common divisor of a and c.
22
Suppose 3*t + t = 0. Suppose t*o - 157 = -o + z, z + 616 = 4*o. What is the highest common divisor of o and 17?
17
Let s be (6 - 1)/(2/142). Suppose -5*m + a + s = 4*a, -m + 3*a = -53. Suppose -2*p - p = -51. What is the greatest common factor of p and m?
17
Suppose 0 = -4*t - 0*t - 224. Let j = 96 + t. Calculate the greatest common divisor of 8 and j.
8
Let r(t) = -4*t + 1 - 5 + t**2 + 1 + 2*t. Let m be r(-7). What is the greatest common factor of 24 and m?
12
Let p(i) = i**2 - 6*i + 3. Let v be p(7). Suppose 56 + 34 = h. What is the greatest common factor of v and h?
10
Let m = -83 - -113. What is the highest common factor of 50 and m?
10
Suppose 0 = 2*x - 0*x + 2*j - 182, -4*j = -2*x + 182. Suppose -4*u = -19 - 5. Suppose 65 = u*l - l. What is the greatest common factor of x and l?
13
Let j be (18/8)/((-2)/(-40)). What is the greatest common factor of 9 and j?
9
Let c(z) = z - 3. Let m be c(3). Suppose 4*j + m*j = 24. What is the highest common factor of 2 and j?
2
Let u = 15 + -12. Calculate the highest common factor of u and 9.
3
Suppose -3*c - 720 = -4*v + c, 2*v = -4*c + 336. Suppose h + 4*r = 36, -2*h - 5*r = 3*h - 105. What is the greatest common divisor of v and h?
16
Let m = -28 + 85. What is the highest common factor of m and 19?
19
Suppose 77 = -4*c + 5*f, 4*c - c + 4*f + 50 = 0. Let l be 8/(-6)*(-15)/(-2). Let m = l - c. Calculate the highest common factor of 2 and m.
2
Let m = 32 - 45. Let c = m + 21. Calculate the greatest common divisor of c and 2.
2
Let f be (-287)/(-2) + (-7)/(-14). Let i be ((-16)/5)/(1/(-5)). What is the highest common factor of f and i?
16
Let m(v) = v**3 + v**2 + v + 132. Let h be m(0). Suppose 4*l + 4*x = 69 - 21, 36 = 3*l + 5*x. What is the highest common divisor of l and h?
12
Suppose 0*f = 2*f - 20. What is the highest common factor of 10 and f?
10
Suppose -5*g + 16 = -9. Let u be (6/(-18))/(1 + (-16)/15). What is the highest common factor of u and g?
5
Suppose -2*d = -17 + 3. Let p = -4 + d. Suppose p*l + 26 - 80 = 0. What is the greatest common factor of 198 and l?
18
Let v(r) = r**3 + 7*r**2 - 11*r - 10. Let i be v(-8). Suppose j - 3 = 0, -3*j - 2*j = -2*q + 13. Calculate the greatest common divisor of i and q.
14
Let q = -69 + 104. What is the greatest common factor of 5 and q?
5
Suppose 8*x - 10 = 6*x. Let i be (-30)/(-2)*42/18. What is the highest common factor of x and i?
5
Let z(u) = 16*u - 15. Let b be z(4). What is the highest common divisor of 7 and b?
7
Let x(r) = r**3 + 8*r**2 - 2*r + 3. Suppose -m = 2*m + 24. Let a be x(m). Let k be (-5 - -5) + (a - 1). What is the highest common divisor of k and 36?
18
Suppose -3 = 2*a + 1. Let x be -92 - -1 - (0 + a). Let 